) is divided by 1/4 + 358/8?
44
Suppose 2*g = -0*g + 8, -4*g = 5*o - 131. Suppose 11*k = 12*k - 2*c - o, 4*k - 3*c = 87. Let u = 352 - 207. What is the remainder when u is divided by k?
19
Let j = 204 - 101. Suppose q + k = -56, -q - k = q + 109. What is the remainder when j is divided by (-16)/32 + q/(-2)?
25
Let h(s) = -6*s + 69. Let f(t) = -5*t + 67. Let j(y) = 5*f(y) - 4*h(y). What is the remainder when 790 is divided by j(-29)?
86
Suppose -4*t - 4*p = -1616, 5*t + p = 9*t - 1586. Calculate the remainder when t is divided by 396.
2
Let o(a) = -16 - 6*a**2 + 14*a + 5 + 7*a**2. Let x be (-4)/(-10) - (1778/70 - 10). Calculate the remainder when o(x) is divided by 2.
0
Let u be (3/(-4))/(1/8). Let n(q) = q**2 + 4*q - 8. Let a(h) = 2*h**2 - 47*h - 3277. What is the remainder when a(54) is divided by n(u)?
1
Let b be 2/(-8) - 3899/(-28). Suppose 89 + b = 6*l. Let r(y) = -y**2 - y + 7. Calculate the remainder when l is divided by r(0).
3
What is the remainder when ((-2588)/10)/(105 - 107) + 6/(-15) is divided by (-111)/9*-3 + 0?
18
Let k(d) = 27*d - 3566. Calculate the remainder when k(135) is divided by 24.
7
Let h(y) = 39*y**2 - 3*y + 2. Let f be h(2). Let q = -108 + f. Suppose 2*r - q = 16. What is the remainder when r is divided by 17?
13
Let f be (-2)/6 + (-155)/(-15). What is the remainder when (-14)/35 - (-514)/f is divided by 31?
20
Suppose 6*t - 4974 = -9*t + 471. What is the remainder when t is divided by 4?
3
Suppose 2*d - q = 199, -5*d - q = -0*d - 487. Suppose 2*l - 4*p - 106 = 0, -p = -2*l - 5*p + d. Calculate the remainder when l is divided by 18.
15
Suppose -11*y + 21*y = 40. Suppose -2*b - 272 = -y*s, -4*s - 7*b + 278 = -12*b. Calculate the remainder when s is divided by 55.
12
Let i be 0/(((-8)/20)/(1/5)). Suppose 2*p + p + 21 = i. Calculate the remainder when (3/4)/(p/(-336)) is divided by 23.
13
Let n be 1 - 3 - (8 - -4). Suppose 0 = 5*o - 59 - 136. Calculate the remainder when o is divided by 12/(-2)*35/n.
9
Let n = -215 - -371. Let c(x) = 78*x**2 + 2416*x - 29. What is the remainder when n is divided by c(-31)?
24
Let g = 10533 + -10466. What is the remainder when 2410 is divided by g?
65
Suppose -4*y - y + 120 = 0. Let z = -1127 + 1112. What is the remainder when -3 + (-1690)/(5 + z) is divided by y?
22
Let q = 25376 - 24522. What is the remainder when 3433 is divided by q?
17
Suppose 4*m + 19*m - 92 = 0. Suppose 13*a - 34 = -m*a. Calculate the remainder when 4 is divided by a.
0
Let b = 50 + -27. Calculate the remainder when ((-90)/105)/(1244/(-616) + 2) is divided by b.
21
Suppose -265*i + 193*i = -16162 - 19766. Calculate the remainder when i is divided by 25.
24
Let s = -47 - -26. Let a be s/14*(-2 - (-120)/9). Let v = 36 + a. Calculate the remainder when 54 is divided by v.
16
Let v = -310 - -315. Suppose -19*r + 364 = -v*r. Calculate the remainder when 73 is divided by r.
21
Let x(p) = -181*p - 373. What is the remainder when 538 is divided by x(-5)?
6
Let i = -1 + 20. Suppose 0 = -l + 5, -3*b + 342*l - 343*l + 146 = 0. What is the remainder when b is divided by i?
9
Suppose -2152 = 62*o - 8352. What is the remainder when o is divided by 10?
0
Let w(u) = -10*u**2 + 12*u**2 + 0 - 5*u**2 - 1 - 33*u. Let m be w(-11). Calculate the remainder when (-14)/(-4) + m/(-2) is divided by 1.
0
Suppose 3*y + 72 = 3*q, 5*q - y - 32 - 100 = 0. Calculate the remainder when 78 is divided by q.
24
Suppose 3*s + 299 - 91 = 2*j, -104 = -j + 4*s. Calculate the remainder when j is divided by 33.
5
Calculate the remainder when 25898/(51/((-5100)/(-40))) is divided by 22.
21
Let n = -121934 - -121976. Let z = -12 - -20. Calculate the remainder when n is divided by z.
2
Suppose -9*s + 731 = 8*s. What is the remainder when 166 + (-10)/(-6 + 1) is divided by s?
39
Suppose -172 = 17*g - 13*g. Let j = -33 - g. Calculate the remainder when 63 is divided by 8/j + 793/65.
11
Suppose g - 5*o - 879 = 0, 15*g - 5*o = 20*g - 4185. What is the remainder when g is divided by 105?
4
Let a = -10 - -14. Suppose -5*r + 3*r = -a. What is the remainder when (r + -4)*(-130)/4 is divided by 22?
21
Suppose -3*r + 4*y = -5*r + 34, 2*r = 3*y + 6. Let p be 3/8 - (20573/56 - 4). Let s = 369 + p. Calculate the remainder when r is divided by s.
3
Let g(a) = 56*a + 13. Let i be g(1). Let j be -66*(27/6)/(-3). Let b = j - i. Calculate the remainder when 59 is divided by b.
29
Let h(w) = 4*w**2 + 160*w - 305. Suppose z - 4*t - 114 = 0, z + 41 = t + 158. What is the remainder when z is divided by h(-42)?
25
Let x = -10952 - -11428. Calculate the remainder when 2385 is divided by x.
5
Let o = 8641 + -8468. What is the remainder when 1014 is divided by o?
149
Suppose -v = 3*v - 0*v - 18484. Calculate the remainder when v is divided by 17.
14
Suppose -2*q + 60 = k + q, 2*q - 210 = -4*k. Let s(y) = -43*y + 131. Let a be s(3). Calculate the remainder when k is divided by 2/a*6 - -3.
6
Let h(n) = -n**2 - 377*n - 2587. What is the remainder when 2207 is divided by h(-7)?
2
Let v = 68 + -77. Let y(h) = 18*h - 4. What is the remainder when y(3) is divided by 2*((-13)/3)/(3/v)?
24
Let j = 809 + -932. What is the remainder when 111 is divided by j/6*18/(-9)?
29
Let d(l) = -3*l + 4*l - 118 + 24*l. What is the remainder when 159 is divided by d(6)?
31
Suppose 3*b - 564 = -44*b. Calculate the remainder when 18 is divided by b.
6
Calculate the remainder when 988 is divided by 5 + (-3)/2*(40260/45)/(-22).
64
Let r be (32/2)/((-1 + 2)/(-1)). Let z = r - -20. Suppose k = -z*x - 4, 0*x = -4*k - 2*x + 26. Calculate the remainder when k is divided by 5.
3
Let h(y) = 3*y + 17. Let p be h(-12). Let g = 25 + p. Suppose g*d - 3*d = -4*m + 136, 4*d + 68 = 2*m. What is the remainder when m is divided by 9?
7
Suppose -754 = -61*d + 3*d. What is the remainder when 396 is divided by d?
6
Suppose -5*o + 10 = -0. Suppose -3*b + 249 = -3*m, -2*b = -o*m + m - 170. Calculate the remainder when b is divided by 44.
43
Suppose -542 = -4*s - 3*j, -s + 56 = 5*j - 71. Calculate the remainder when s is divided by 46.
45
Let i(z) = 46*z + 348. Suppose 22*y - 339 = 19*y. What is the remainder when y is divided by i(-7)?
9
Let y be 8 + 12/(-4) + -2. Let l = -3 - -48. Suppose 0 = -2*r - y*r + l. Calculate the remainder when 51 is divided by r.
6
Let v(y) = -y**2 + 8*y - 8. Suppose 4*r + b - 4 - 9 = 0, 2*r + 4*b = 24. Let l be v(r). Suppose -u - 18 = -l*u. What is the remainder when 23 is divided by u?
5
Suppose -1638 + 213 = -75*z. Suppose -37 - 32 = -s. What is the remainder when s is divided by z?
12
Suppose -2*a + 0*a = -6. Suppose a*m - 5*m = -8, -w + 28 = m. Calculate the remainder when 70 is divided by w.
22
Let h(p) = -p**3 - 12*p**2 - 8*p + 79. Let t be h(-13). Suppose -181*s = -203*s + t. Calculate the remainder when 23 is divided by s.
7
Suppose -7*d = -2375 - 824. What is the remainder when d is divided by 83?
42
Let k(i) = 24*i - 82. Let d(y) = y**2 + 22*y - 82. Let c(x) = 2*d(x) - 3*k(x). Calculate the remainder when c(18) is divided by 12.
10
Let u = 1 + -1. Calculate the remainder when (u - 142)/(-2 + 1) is divided by ((42/(-70))/(3/(-4)))/(424/4240).
6
Suppose -8*h = -10*h + 2010 - 82. Calculate the remainder when h is divided by 69.
67
Let i(j) = 4*j - 17. Let m be i(8). Let u be 1 - (-3 - 0) - (m + -18). Suppose -12*g = -u*g - 200. Calculate the remainder when g is divided by 14.
12
Suppose q + 10*x - 9*x = 3, 5*q - 15 = -x. Let c(r) = -14*r - 1. What is the remainder when c(-3) is divided by 8 - (4 - 8 - q)?
11
Suppose -4*f = -10*f + 432. Calculate the remainder when (((-49)/(-3))/(-1))/((-24)/f) is divided by 25.
24
Let x be (6/(-10))/((-3)/15). Suppose -h + x*l = h - 75, -h = -l - 37. Calculate the remainder when h is divided by 2/(-7) + 93/7.
10
Suppose 4*l + 3 = 3*o + 5*l, -5*l - 18 = 4*o. Calculate the remainder when 1654 is divided by o.
1
Suppose -26 = -3*w - 44. Let b be (w/7)/(-2*4/112). Calculate the remainder when -6*((-2)/b)/(13/260) is divided by 7.
6
Suppose -2219 - 4466 = -72*m - 2365. Suppose j = 4, 0 = -4*g - 0*j - 2*j + 1180. Calculate the remainder when g is divided by m.
53
Let y(j) = -5*j - 7. Let h(i) = 9*i + 14. Let f(w) = -3*h(w) - 5*y(w). What is the remainder when 4 - (-1 - -12) - (-1 - 29) is divided by f(-10)?
10
Let q(x) = -x**3 + 39*x**2 - 2*x + 81. Let d(k) = 2*k + 